{"id":334534,"date":"2026-01-30T07:51:30","date_gmt":"2026-01-30T12:51:30","guid":{"rendered":"https:\/\/yokomotor.com.co\/usados\/?post_type=product&#038;p=334534"},"modified":"2026-02-17T15:33:54","modified_gmt":"2026-02-17T20:33:54","slug":"mercedes-benz-glc-300-4-matic-hibrida-2022","status":"publish","type":"product","link":"https:\/\/yokomotor.com.co\/usados\/producto\/mercedes-benz-glc-300-4-matic-hibrida-2022\/","title":{"rendered":"MERCEDES BENZ GLC 300E  4 MATIC HIBRIDA ENCHUFABLE  2022"},"content":{"rendered":"","protected":false},"excerpt":{"rendered":"","protected":false},"featured_media":334535,"comment_status":"closed","ping_status":"closed","template":"","meta":{"_acf_changed":false,"_et_pb_use_builder":"","_et_pb_old_content":"","_et_gb_content_width":"","inline_featured_image":false},"product_brand":[],"product_cat":[41],"product_tag":[],"class_list":{"0":"post-334534","1":"product","2":"type-product","3":"status-publish","4":"has-post-thumbnail","6":"product_cat-mercedes","8":"first","9":"instock","10":"shipping-taxable","11":"purchasable","12":"product-type-simple"},"acf":[],"yoast_head":"<!-- This site is optimized with the Yoast SEO Premium plugin v26.9 (Yoast SEO v26.9) - https:\/\/yoast.com\/product\/yoast-seo-premium-wordpress\/ -->\n<title>MERCEDES BENZ GLC 300E 4 MATIC HIBRIDA ENCHUFABLE 2022 - Veh\u00edculos Usados Yokomotor | Concesionario Toyota<\/title>\n<meta name=\"description\" content=\"Mercedes-Benz GLC 300 h\u00edbrida 2022 usada, lujo, potencia y eficiencia con tracci\u00f3n 4MATIC. Disponible en Yokomotor.\" \/>\n<meta name=\"robots\" content=\"index, follow, max-snippet:-1, max-image-preview:large, max-video-preview:-1\" \/>\n<link rel=\"canonical\" href=\"https:\/\/yokomotor.com.co\/usados\/producto\/mercedes-benz-glc-300-4-matic-hibrida-2022\/\" \/>\n<meta property=\"og:locale\" content=\"es_ES\" \/>\n<meta property=\"og:type\" content=\"article\" \/>\n<meta property=\"og:title\" content=\"MERCEDES BENZ GLC 300E 4 MATIC HIBRIDA ENCHUFABLE 2022\" \/>\n<meta property=\"og:description\" content=\"Mercedes-Benz GLC 300 h\u00edbrida 2022 usada, lujo, potencia y eficiencia con tracci\u00f3n 4MATIC. Disponible en Yokomotor.\" \/>\n<meta property=\"og:site_name\" content=\"Veh\u00edculos Usados Yokomotor | Concesionario Toyota\" \/>\n<meta property=\"article:modified_time\" content=\"2026-02-17T20:33:54+00:00\" \/>\n<meta property=\"og:image\" content=\"https:\/\/yokomotor.com.co\/usados\/wp-content\/uploads\/sites\/4\/2025\/11\/WhatsApp-Image-2025-11-18-at-11.58.49-AM-2.jpeg\" \/>\n\t<meta property=\"og:image:width\" content=\"1600\" \/>\n\t<meta property=\"og:image:height\" content=\"1200\" \/>\n\t<meta property=\"og:image:type\" content=\"image\/jpeg\" \/>\n<meta name=\"twitter:card\" content=\"summary_large_image\" \/>\n<meta name=\"twitter:label1\" content=\"Tiempo de lectura\" \/>\n\t<meta name=\"twitter:data1\" content=\"1 minuto\" \/>\n<script type=\"application\/ld+json\" class=\"yoast-schema-graph\">{\"@context\":\"https:\/\/schema.org\",\"@graph\":[{\"@type\":\"WebPage\",\"@id\":\"https:\/\/yokomotor.com.co\/usados\/producto\/mercedes-benz-glc-300-4-matic-hibrida-2022\/\",\"url\":\"https:\/\/yokomotor.com.co\/usados\/producto\/mercedes-benz-glc-300-4-matic-hibrida-2022\/\",\"name\":\"MERCEDES BENZ GLC 300E 4 MATIC HIBRIDA ENCHUFABLE 2022 - Veh\u00edculos Usados Yokomotor | Concesionario Toyota\",\"isPartOf\":{\"@id\":\"https:\/\/yokomotor.com.co\/usados\/#website\"},\"primaryImageOfPage\":{\"@id\":\"https:\/\/yokomotor.com.co\/usados\/producto\/mercedes-benz-glc-300-4-matic-hibrida-2022\/#primaryimage\"},\"image\":{\"@id\":\"https:\/\/yokomotor.com.co\/usados\/producto\/mercedes-benz-glc-300-4-matic-hibrida-2022\/#primaryimage\"},\"thumbnailUrl\":\"https:\/\/yokomotor.com.co\/usados\/wp-content\/uploads\/sites\/4\/2025\/11\/WhatsApp-Image-2025-11-18-at-11.58.49-AM-2.jpeg\",\"datePublished\":\"2026-01-30T12:51:30+00:00\",\"dateModified\":\"2026-02-17T20:33:54+00:00\",\"description\":\"Mercedes-Benz GLC 300 h\u00edbrida 2022 usada, lujo, potencia y eficiencia con tracci\u00f3n 4MATIC. Disponible en Yokomotor.\",\"breadcrumb\":{\"@id\":\"https:\/\/yokomotor.com.co\/usados\/producto\/mercedes-benz-glc-300-4-matic-hibrida-2022\/#breadcrumb\"},\"inLanguage\":\"es-CO\",\"potentialAction\":[{\"@type\":\"ReadAction\",\"target\":[\"https:\/\/yokomotor.com.co\/usados\/producto\/mercedes-benz-glc-300-4-matic-hibrida-2022\/\"]}]},{\"@type\":\"ImageObject\",\"inLanguage\":\"es-CO\",\"@id\":\"https:\/\/yokomotor.com.co\/usados\/producto\/mercedes-benz-glc-300-4-matic-hibrida-2022\/#primaryimage\",\"url\":\"https:\/\/yokomotor.com.co\/usados\/wp-content\/uploads\/sites\/4\/2025\/11\/WhatsApp-Image-2025-11-18-at-11.58.49-AM-2.jpeg\",\"contentUrl\":\"https:\/\/yokomotor.com.co\/usados\/wp-content\/uploads\/sites\/4\/2025\/11\/WhatsApp-Image-2025-11-18-at-11.58.49-AM-2.jpeg\",\"width\":1600,\"height\":1200},{\"@type\":\"BreadcrumbList\",\"@id\":\"https:\/\/yokomotor.com.co\/usados\/producto\/mercedes-benz-glc-300-4-matic-hibrida-2022\/#breadcrumb\",\"itemListElement\":[{\"@type\":\"ListItem\",\"position\":1,\"name\":\"Inicio\",\"item\":\"https:\/\/yokomotor.com.co\/usados\/\"},{\"@type\":\"ListItem\",\"position\":2,\"name\":\"Home\",\"item\":\"https:\/\/yokomotor.com.co\/usados\/\"},{\"@type\":\"ListItem\",\"position\":3,\"name\":\"MERCEDES BENZ GLC 300E 4 MATIC HIBRIDA ENCHUFABLE 2022\"}]},{\"@type\":\"WebSite\",\"@id\":\"https:\/\/yokomotor.com.co\/usados\/#website\",\"url\":\"https:\/\/yokomotor.com.co\/usados\/\",\"name\":\"Veh\u00edculos Usados Yokomotor | Concesionario Toyota\",\"description\":\"\",\"potentialAction\":[{\"@type\":\"SearchAction\",\"target\":{\"@type\":\"EntryPoint\",\"urlTemplate\":\"https:\/\/yokomotor.com.co\/usados\/?s={search_term_string}\"},\"query-input\":{\"@type\":\"PropertyValueSpecification\",\"valueRequired\":true,\"valueName\":\"search_term_string\"}}],\"inLanguage\":\"es-CO\"}]}<\/script>\n<!-- \/ Yoast SEO Premium plugin. -->","yoast_head_json":{"title":"MERCEDES BENZ GLC 300E 4 MATIC HIBRIDA ENCHUFABLE 2022 - Veh\u00edculos Usados Yokomotor | Concesionario Toyota","description":"Mercedes-Benz GLC 300 h\u00edbrida 2022 usada, lujo, potencia y eficiencia con tracci\u00f3n 4MATIC. Disponible en Yokomotor.","robots":{"index":"index","follow":"follow","max-snippet":"max-snippet:-1","max-image-preview":"max-image-preview:large","max-video-preview":"max-video-preview:-1"},"canonical":"https:\/\/yokomotor.com.co\/usados\/producto\/mercedes-benz-glc-300-4-matic-hibrida-2022\/","og_locale":"es_ES","og_type":"article","og_title":"MERCEDES BENZ GLC 300E 4 MATIC HIBRIDA ENCHUFABLE 2022","og_description":"Mercedes-Benz GLC 300 h\u00edbrida 2022 usada, lujo, potencia y eficiencia con tracci\u00f3n 4MATIC. Disponible en Yokomotor.","og_site_name":"Veh\u00edculos Usados Yokomotor | Concesionario Toyota","article_modified_time":"2026-02-17T20:33:54+00:00","og_image":[{"width":1600,"height":1200,"url":"https:\/\/yokomotor.com.co\/usados\/wp-content\/uploads\/sites\/4\/2025\/11\/WhatsApp-Image-2025-11-18-at-11.58.49-AM-2.jpeg","type":"image\/jpeg"}],"twitter_card":"summary_large_image","twitter_misc":{"Tiempo de lectura":"1 minuto"},"schema":{"@context":"https:\/\/schema.org","@graph":[{"@type":"WebPage","@id":"https:\/\/yokomotor.com.co\/usados\/producto\/mercedes-benz-glc-300-4-matic-hibrida-2022\/","url":"https:\/\/yokomotor.com.co\/usados\/producto\/mercedes-benz-glc-300-4-matic-hibrida-2022\/","name":"MERCEDES BENZ GLC 300E 4 MATIC HIBRIDA ENCHUFABLE 2022 - Veh\u00edculos Usados Yokomotor | Concesionario Toyota","isPartOf":{"@id":"https:\/\/yokomotor.com.co\/usados\/#website"},"primaryImageOfPage":{"@id":"https:\/\/yokomotor.com.co\/usados\/producto\/mercedes-benz-glc-300-4-matic-hibrida-2022\/#primaryimage"},"image":{"@id":"https:\/\/yokomotor.com.co\/usados\/producto\/mercedes-benz-glc-300-4-matic-hibrida-2022\/#primaryimage"},"thumbnailUrl":"https:\/\/yokomotor.com.co\/usados\/wp-content\/uploads\/sites\/4\/2025\/11\/WhatsApp-Image-2025-11-18-at-11.58.49-AM-2.jpeg","datePublished":"2026-01-30T12:51:30+00:00","dateModified":"2026-02-17T20:33:54+00:00","description":"Mercedes-Benz GLC 300 h\u00edbrida 2022 usada, lujo, potencia y eficiencia con tracci\u00f3n 4MATIC. Disponible en Yokomotor.","breadcrumb":{"@id":"https:\/\/yokomotor.com.co\/usados\/producto\/mercedes-benz-glc-300-4-matic-hibrida-2022\/#breadcrumb"},"inLanguage":"es-CO","potentialAction":[{"@type":"ReadAction","target":["https:\/\/yokomotor.com.co\/usados\/producto\/mercedes-benz-glc-300-4-matic-hibrida-2022\/"]}]},{"@type":"ImageObject","inLanguage":"es-CO","@id":"https:\/\/yokomotor.com.co\/usados\/producto\/mercedes-benz-glc-300-4-matic-hibrida-2022\/#primaryimage","url":"https:\/\/yokomotor.com.co\/usados\/wp-content\/uploads\/sites\/4\/2025\/11\/WhatsApp-Image-2025-11-18-at-11.58.49-AM-2.jpeg","contentUrl":"https:\/\/yokomotor.com.co\/usados\/wp-content\/uploads\/sites\/4\/2025\/11\/WhatsApp-Image-2025-11-18-at-11.58.49-AM-2.jpeg","width":1600,"height":1200},{"@type":"BreadcrumbList","@id":"https:\/\/yokomotor.com.co\/usados\/producto\/mercedes-benz-glc-300-4-matic-hibrida-2022\/#breadcrumb","itemListElement":[{"@type":"ListItem","position":1,"name":"Inicio","item":"https:\/\/yokomotor.com.co\/usados\/"},{"@type":"ListItem","position":2,"name":"Home","item":"https:\/\/yokomotor.com.co\/usados\/"},{"@type":"ListItem","position":3,"name":"MERCEDES BENZ GLC 300E 4 MATIC HIBRIDA ENCHUFABLE 2022"}]},{"@type":"WebSite","@id":"https:\/\/yokomotor.com.co\/usados\/#website","url":"https:\/\/yokomotor.com.co\/usados\/","name":"Veh\u00edculos Usados Yokomotor | Concesionario Toyota","description":"","potentialAction":[{"@type":"SearchAction","target":{"@type":"EntryPoint","urlTemplate":"https:\/\/yokomotor.com.co\/usados\/?s={search_term_string}"},"query-input":{"@type":"PropertyValueSpecification","valueRequired":true,"valueName":"search_term_string"}}],"inLanguage":"es-CO"}]}},"_links":{"self":[{"href":"https:\/\/yokomotor.com.co\/usados\/wp-json\/wp\/v2\/product\/334534","targetHints":{"allow":["GET"]}}],"collection":[{"href":"https:\/\/yokomotor.com.co\/usados\/wp-json\/wp\/v2\/product"}],"about":[{"href":"https:\/\/yokomotor.com.co\/usados\/wp-json\/wp\/v2\/types\/product"}],"replies":[{"embeddable":true,"href":"https:\/\/yokomotor.com.co\/usados\/wp-json\/wp\/v2\/comments?post=334534"}],"wp:featuredmedia":[{"embeddable":true,"href":"https:\/\/yokomotor.com.co\/usados\/wp-json\/wp\/v2\/media\/334535"}],"wp:attachment":[{"href":"https:\/\/yokomotor.com.co\/usados\/wp-json\/wp\/v2\/media?parent=334534"}],"wp:term":[{"taxonomy":"product_brand","embeddable":true,"href":"https:\/\/yokomotor.com.co\/usados\/wp-json\/wp\/v2\/product_brand?post=334534"},{"taxonomy":"product_cat","embeddable":true,"href":"https:\/\/yokomotor.com.co\/usados\/wp-json\/wp\/v2\/product_cat?post=334534"},{"taxonomy":"product_tag","embeddable":true,"href":"https:\/\/yokomotor.com.co\/usados\/wp-json\/wp\/v2\/product_tag?post=334534"}],"curies":[{"name":"wp","href":"https:\/\/api.w.org\/{rel}","templated":true}]}}